{"id":25,"date":"2026-01-09T14:19:01","date_gmt":"2026-01-09T14:19:01","guid":{"rendered":"https:\/\/www.richarddreze.be\/pfwp\/about\/"},"modified":"2026-01-13T16:18:12","modified_gmt":"2026-01-13T16:18:12","slug":"about","status":"publish","type":"page","link":"https:\/\/www.richarddreze.be\/pfwp\/about\/","title":{"rendered":"A propos"},"content":{"rendered":"\t\t<div data-elementor-type=\"wp-page\" data-elementor-id=\"25\" class=\"elementor elementor-25\">\n\t\t\t\t<div class=\"elementor-element elementor-element-48645ccc e-flex e-con-boxed e-con e-parent\" data-id=\"48645ccc\" data-element_type=\"container\" data-e-type=\"container\" data-settings=\"{&quot;background_background&quot;:&quot;classic&quot;}\">\n\t\t\t\t\t<div class=\"e-con-inner\">\n\t\t<div class=\"elementor-element elementor-element-f13f41b e-con-full e-flex e-con e-child\" data-id=\"f13f41b\" data-element_type=\"container\" data-e-type=\"container\">\n\t\t\t\t<div class=\"elementor-element elementor-element-65030bfa elementor-widget-tablet__width-initial elementor-widget elementor-widget-image\" data-id=\"65030bfa\" data-element_type=\"widget\" data-e-type=\"widget\" data-widget_type=\"image.default\">\n\t\t\t\t\t\t\t\t\t\t\t\t\t\t\t<img fetchpriority=\"high\" decoding=\"async\" width=\"267\" height=\"400\" src=\"https:\/\/www.richarddreze.be\/pfwp\/wp-content\/uploads\/2026\/01\/a-propos.jpg\" class=\"attachment-full size-full wp-image-61\" alt=\"\" srcset=\"https:\/\/www.richarddreze.be\/pfwp\/wp-content\/uploads\/2026\/01\/a-propos.jpg 267w, https:\/\/www.richarddreze.be\/pfwp\/wp-content\/uploads\/2026\/01\/a-propos-200x300.jpg 200w\" sizes=\"(max-width: 267px) 100vw, 267px\" \/>\t\t\t\t\t\t\t\t\t\t\t\t\t\t\t<\/div>\n\t\t\t\t<\/div>\n\t\t<div class=\"elementor-element elementor-element-6c092f9c e-con-full e-flex e-con e-child\" data-id=\"6c092f9c\" data-element_type=\"container\" data-e-type=\"container\">\n\t\t\t\t<div class=\"elementor-element elementor-element-33db6a0c elementor-widget-mobile__width-inherit elementor-widget elementor-widget-text-editor\" data-id=\"33db6a0c\" data-element_type=\"widget\" data-e-type=\"widget\" data-widget_type=\"text-editor.default\">\n\t\t\t\t\t\t\t\t\t<div>Photographe autodidacte et passionn\u00e9.<br \/>Mes sujets de pr\u00e9dilections sont la photographie de paysage et d&rsquo;architecture.<br \/>J&rsquo;aime les belles lumi\u00e8res et les ambiances particuli\u00e8res, comme celles offertes par les paysages de brume.<\/div><div>La galerie <strong>\u00ab\u00a0<a href=\"https:\/\/www.richarddreze.be\/pfwp\/ici\/\">D&rsquo;ici&#8230;<\/a>\u00ab\u00a0<\/strong> est consacr\u00e9e aux photos prises dans ma r\u00e9gion, soit, \u00e0 quelques exceptions pr\u00e8s, dans un rayon de 50 km autour de Namur<br \/>La galerie <strong>\u00ab\u00a0<a href=\"https:\/\/www.richarddreze.be\/pfwp\/ailleurs\/\">D&rsquo;ailleurs&#8230;<\/a>\u00ab\u00a0<\/strong> contient les photos prises lors de mes voyages, principalement en France<\/div><div>Richard Dr\u00e8ze<\/div>\t\t\t\t\t\t\t\t<\/div>\n\t\t\t\t<\/div>\n\t\t\t\t\t<\/div>\n\t\t\t\t<\/div>\n\t\t\t\t<\/div>\n\t\t","protected":false},"excerpt":{"rendered":"<p>Photographe autodidacte et passionn\u00e9.Mes sujets de pr\u00e9dilections sont la photographie de paysage et d&rsquo;architecture.J&rsquo;aime les belles lumi\u00e8res et les ambiances [&hellip;]<\/p>\n","protected":false},"author":1,"featured_media":0,"parent":0,"menu_order":0,"comment_status":"closed","ping_status":"closed","template":"","meta":{"site-sidebar-layout":"no-sidebar","site-content-layout":"","ast-site-content-layout":"full-width-container","site-content-style":"default","site-sidebar-style":"default","ast-global-header-display":"","ast-banner-title-visibility":"","ast-main-header-display":"","ast-hfb-above-header-display":"","ast-hfb-below-header-display":"","ast-hfb-mobile-header-display":"","site-post-title":"disabled","ast-breadcrumbs-content":"","ast-featured-img":"disabled","footer-sml-layout":"","ast-disable-related-posts":"","theme-transparent-header-meta":"","adv-header-id-meta":"","stick-header-meta":"","header-above-stick-meta":"","header-main-stick-meta":"","header-below-stick-meta":"","astra-migrate-meta-layouts":"default","ast-page-background-enabled":"default","ast-page-background-meta":{"desktop":{"background-color":"var(--ast-global-color-4)","background-image":"","background-repeat":"repeat","background-position":"center center","background-size":"auto","background-attachment":"scroll","background-type":"","background-media":"","overlay-type":"","overlay-color":"","overlay-opacity":"","overlay-gradient":""},"tablet":{"background-color":"","background-image":"","background-repeat":"repeat","background-position":"center center","background-size":"auto","background-attachment":"scroll","background-type":"","background-media":"","overlay-type":"","overlay-color":"","overlay-opacity":"","overlay-gradient":""},"mobile":{"background-color":"","background-image":"","background-repeat":"repeat","background-position":"center center","background-size":"auto","background-attachment":"scroll","background-type":"","background-media":"","overlay-type":"","overlay-color":"","overlay-opacity":"","overlay-gradient":""}},"ast-content-background-meta":{"desktop":{"background-color":"var(--ast-global-color-5)","background-image":"","background-repeat":"repeat","background-position":"center center","background-size":"auto","background-attachment":"scroll","background-type":"","background-media":"","overlay-type":"","overlay-color":"","overlay-opacity":"","overlay-gradient":""},"tablet":{"background-color":"var(--ast-global-color-5)","background-image":"","background-repeat":"repeat","background-position":"center center","background-size":"auto","background-attachment":"scroll","background-type":"","background-media":"","overlay-type":"","overlay-color":"","overlay-opacity":"","overlay-gradient":""},"mobile":{"background-color":"var(--ast-global-color-5)","background-image":"","background-repeat":"repeat","background-position":"center center","background-size":"auto","background-attachment":"scroll","background-type":"","background-media":"","overlay-type":"","overlay-color":"","overlay-opacity":"","overlay-gradient":""}},"footnotes":""},"class_list":["post-25","page","type-page","status-publish","hentry"],"jetpack_sharing_enabled":true,"_links":{"self":[{"href":"https:\/\/www.richarddreze.be\/pfwp\/wp-json\/wp\/v2\/pages\/25","targetHints":{"allow":["GET"]}}],"collection":[{"href":"https:\/\/www.richarddreze.be\/pfwp\/wp-json\/wp\/v2\/pages"}],"about":[{"href":"https:\/\/www.richarddreze.be\/pfwp\/wp-json\/wp\/v2\/types\/page"}],"author":[{"embeddable":true,"href":"https:\/\/www.richarddreze.be\/pfwp\/wp-json\/wp\/v2\/users\/1"}],"replies":[{"embeddable":true,"href":"https:\/\/www.richarddreze.be\/pfwp\/wp-json\/wp\/v2\/comments?post=25"}],"version-history":[{"count":35,"href":"https:\/\/www.richarddreze.be\/pfwp\/wp-json\/wp\/v2\/pages\/25\/revisions"}],"predecessor-version":[{"id":751,"href":"https:\/\/www.richarddreze.be\/pfwp\/wp-json\/wp\/v2\/pages\/25\/revisions\/751"}],"wp:attachment":[{"href":"https:\/\/www.richarddreze.be\/pfwp\/wp-json\/wp\/v2\/media?parent=25"}],"curies":[{"name":"wp","href":"https:\/\/api.w.org\/{rel}","templated":true}]}}